) to base 7.
1131
b039 (base 12) to base 14
6d2d
Convert -161d (base 15) to base 13.
-2218
What is -1313 (base 5) in base 6?
-544
Convert d99 (base 15) to base 8.
5775
Convert -2641 (base 13) to base 16.
-1555
Convert 12c94 (base 13) to base 14.
cb16
Convert 1210330 (base 4) to base 11.
4943
Convert -33156 (base 12) to base 2.
-10000100000010010
What is -111001001010000 (base 2) in base 11?
-1aa94
What is 1100000100100000 (base 2) in base 13?
19671
Convert -44719 (base 10) to base 12.
-21a67
What is -2c24 (base 16) in base 9?
-16445
What is 10542 (base 7) in base 5?
41201
What is 5355 (base 6) in base 14?
635
Convert -13164 (base 7) to base 3.
-11211120
What is 22022002 (base 3) in base 13?
29a5
Convert 599 (base 14) to base 9.
1468
What is -1011020 (base 3) in base 7?
-2313
What is -4855 (base 11) in base 4?
-1203100
Convert 1433442 (base 5) to base 10.
30497
-23105 (base 6) to base 16
-cd1
-3146 (base 8) to base 11
-125a
What is -23a8 (base 13) in base 7?
-20456
Convert 34330 (base 7) to base 3.
102222211
Convert 1949 (base 13) to base 3.
12011222
-1c3 (base 13) to base 5
-2303
Convert -78 (base 9) to base 7.
-131
220120020 (base 3) to base 13
81c6
Convert -10211 (base 15) to base 16.
-c793
-71c2 (base 13) to base 11
-10889
Convert 1724 (base 8) to base 7.
2600
2123030 (base 4) to base 13
46a0
Convert -3130121 (base 4) to base 11.
-a663
Convert -452 (base 15) to base 16.
-3d1
Convert -1a4 (base 16) to base 10.
-420
6a1 (base 15) to base 6
10541
What is 101105 (base 6) in base 2?
1111101100001
1782 (base 11) to base 6
14300
Convert 74622 (base 10) to base 2.
10010001101111110
-3300 (base 4) to base 10
-240
-702 (base 8) to base 11
-37a
-803 (base 9) to base 8
-1213
What is 1346 (base 9) in base 15?
479
Convert -3055 (base 15) to base 8.
-23735
Convert -1478 (base 10) to base 11.
-1124
What is 504 (base 8) in base 13?
1bc
Convert -1d8 (base 14) to base 13.
-239
What is -6ef (base 16) in base 14?
-90b
Convert -5432 (base 7) to base 16.
-78e
Convert 184 (base 16) to base 13.
23b
What is -19224 (base 10) in base 13?
-899a
72377 (base 8) to base 12
153bb
What is -62 (base 10) in base 11?
-57
Convert -4350 (base 10) to base 8.
-10376
Convert -8021 (base 14) to base 6.
-245433
Convert -1260 (base 12) to base 16.
-828
What is -10213 (base 4) in base 2?
-100100111
3123 (base 4) to base 8
333
-22012111 (base 4) to base 2
-1010000110010101
Convert 10001000100 (base 2) to base 7.
3120
2642 (base 7) to base 8
1762
What is 101000101 (base 2) in base 12?
231
-32204 (base 5) to base 7
-6232
Convert 412 (base 8) to base 15.
12b
-5054 (base 10) to base 15
-176e
What is 25c (base 14) in base 12?
336
What is 222101 (base 3) in base 14?
38c
Convert 1524 (base 7) to base 10.
606
1011100100001 (base 2) to base 8
13441
Convert -1111111010001001 (base 2) to base 6.
-1221401
Convert 362 (base 8) to base 15.
112
What is -4743 (base 10) in base 8?
-11207
11277 (base 10) to base 6
124113
1 (base 16) to base 10
1
-2154 (base 7) to base 6
-3330
What is -2415 (base 7) in base 12?
-626
What is 139a1 (base 12) in base 5?
1333322
Convert 479 (base 12) to base 2.
1010011101
720 (base 8) to base 11
392
What is -492 (base 10) in base 6?
-2140
What is -8653 (base 9) in base 2?
-1100011011110
Convert -67d (base 16) to base 10.
-1661
What is 2480 (base 9) in base 16?
73e
2c25 (base 14) to base 13
3778
What is -1732 (base 8) in base 4?
-33122
Convert -136a (base 15) to base 5.
-113100
What is -12652 (base 9) in base 2?
-10000101101000
Convert 111110010 (base 2) to base 4.
13302
What is -1315 (base 7) in base 4?
-13312
What is -23634 (base 8) in base 2?
-10011110011100
What is -1001110101110 (base 2) in base 5?
-130123
Convert -512 (base 10) to base 11.
-426
What is 35 (base 6) in base 13?
1a
What is -31142 (base 5) in base 3?
-2210211
What is 24e (base 15) in base 10?
524
Convert -101001001 (base 3) to base 5.
-213233
Convert 837a (base 12) to base 4.
3200032
Convert -25a (base 11) to base 10.
-307
What is 460 (base 9) in base 16?
17a
-3235 (base 6) to base 7
-2111
2323033 (base 4) to base 11
9004
Convert 566 (base 10) to base 6.
2342
-14b1a (base 12) to base 14
-a938
17a09 (base 11) to base 16
6259
Convert -26755 (base 11) to base 2.
-1001010100011111
15c6 (base 15) to base 10
4686
What is 394 (base 13) in base 14?
32c
Convert 35663 (base 7) to base 9.
13625
Convert 112012212 (base 3) to base 15.
310e
What is -1100011 (base 3) in base 8?
-1720
Convert 1101010001 (base 2) to base 5.
11344
Convert 5e7 (base 16) to base 4.
113213
-1731 (base 8) to base 12
-6a1
Convert 2232 (base 7) to base 9.
1086
What is -2681 (base 15) in base 3?
-102021111
1324 (base 5) to base 9
257
Convert 1021200120 (base 3) to base 16.
62c7
Convert -1530 (base 6) to base 13.
-25b
What is -120214 (base 7) in base 15?
-667d
What is 1c06a (base 14) in base 7?
415163
-1101110111 (base 2) to base 11
-737
2d7 (base 15) to base 6
3004
-280a (base 13) to base 5
-141011
Convert 1375 (base 9) to base 2.
10000010000
Convert 21023 (base 6) to base 14.
1059
Convert -11123 (base 6) to base 12.
-aa3
Convert -1101 (base 5) to base 15.
-a1
Convert -121220 (base 5) to base 4.
-1013100
What is -11135 (base 6) in base 8?
-3043
Convert 100 (base 13) to base 7.
331
What is 1115 (base 7) in base 6?
1512
-210 (base 16) to base 13
-318
-31211 (base 4) to base 5
-11434
Convert -1076 (base 8) to base 7.
-1450
-12202230 (base 4) to base 15
-7e16
1c85 (base 15) to base 4
1200320
-9870 (base 10) to base 7
-40530
Convert -365 (base 7) to base 4.
-3002
What is -14443 (base 6) in base 7?
-6540
What is 220 (base 6) in base 16?
54
-110000000100 (base 2) to base 14
-119a
Convert -476 (base 12) to base 10.
-666
Convert 130212 (base 5) to base 16.
13c1
-44b6 (base 12) to base 13
-3618
2544 (base 9) to base 2
11101101111
9253 (base 10) to base 2
10010000100101
Convert -34270 (base 8) to base 12.
-84a0
Convert 5180 (base 12) to base 10.
8880
Convert -7fd (base 16) to base 3.
-2210202
-212201 (base 3) to base 16
-280
Convert 194 (base 14) to base 5.
2301
-8912 (base 11) to base 15
-3735
What is 668 (base 13) in base 16?
44c
4254 (base 14) to base 9
16623
264c (base 16) to base 5
303204
Convert 16a (base 14) to base 12.
202
Convert 232001 (base 6) to base 16.
4da1
Convert -1123 (base 8) to base 11.
-4a1
What is 2545 (base 7) in base 2?
1111000100
What is -24213 (base 6) in base 2?
-110111010001
Convert -2643 (base 9) to base 14.
-a19
527 (base 9) to base 13
271
Convert 1015 (base 6) to base 10.
227
Convert 10011101001001 (base 2) to base 14.
3945
What is 154513 (base 6) in base 12?
8a39
Convert -453 (base 11) to base 7.
-1403
What is 1449 (base 12) in base 6?
14533
What is 21511 (base 6) in base 9?
4087
What is 2cd3 (base 15) in base 11?
7281
What is 1000111011101 (base 2) in base 14?
1949
Convert 2022 (base 5) to base 11.
219
What is -10681 (base 9) in base 13?
-3319
Convert 10102102 (base 4) to base 15.
5304
212131 (base 4) to base 9
3334
What is -3010 (base 4) in base 13?
-121
-2450 (base 6) to base 14
-314
26257 (base 8) to base 2
10110010101111
Convert -7168 (base 9) to base 5.
-131441
What is 1022121 (base 3) in base 2?
1111000001
Convert 543 (base 6) to base 11.
179
What is -17a5 (base 14) in base 12?
-2571
What is -2123 (base 7) in base 11?
-624
-cd2 (base 14) to base 2
-100111101000
1011001100 (base 2) to base 3
222112
What is 4d8 (base 16) in base 6?
5424
What is -91 (base 10) in base 13?
-70
112041 (base 5) to base 14
1673
Convert 255 (base 6) to base 5.
412
What is 60 (base 14) in base 12?
70
What is -5182 (base 10) in base 15?
-1807
196 (base 15) to base 7
1032
Convert -a00b (base 13) to base 8.
-52735
Convert -287 (base 13) to base 5.
-3244
What is 1150 (base 7) in base 5?
3202
What is -2335 (base 14) in base 7?
-23565
-3116 (base 7) to base 16
-443
2536b (base 12) to base 3
2120110002
Convert 734 (base 9) to base 7.
1513
10320 (base 7) to base 12
1596
What is -10213 (base 4) in base 16?
-127
1020012112 (base 3) to base 13
b030
6d7 (base 15) to base 12
a94
Convert 404b (base 12) to base 3.
100120012
What is -1540 (base 6) in base 12?
-2b0
-25a54 (base 11) to base 14
-d7b8
Convert 11b7 (base 13) to base 4.
213110
-381 (base 12) to base 6
-2241
4409 (base 14) to base 5
334034
133003 (base 5) to base 2
1010100000010
What is 1501 (base 8)